 be x(-11). Determine p(g).
15
Let i be -2 + (3 + 4 - (-8)/(32/(-12))). Let w(j) = 11*j - 11. Give w(i).
11
Let o(b) = 26*b + 18 + 5757*b**2 - 2879*b**2 - 2877*b**2. What is o(-26)?
18
Let t(u) = -u**3 + 3*u**2 + 6. Let h be 232 + (8/(-4) - -4). Suppose 240 = 2*m + h. Determine t(m).
6
Let j(x) = x**2 - 6*x + 1. Let q be (-40)/6*(-72)/16. Suppose -17*g = -11*g + q. Let i be -1 - -7 - (1 + (g - -6)). What is j(i)?
-7
Let l(k) be the third derivative of -19*k**4/24 - 1003*k**3/6 + 5*k**2 - 482*k. What is l(-53)?
4
Suppose 0 = -14*j + 7*j - 14. Let u be (j - 3)*4/(140/(-49)). Let w(o) = -o + 16. What is w(u)?
9
Let w(n) = n**3 - 9*n**2 + 6*n - 4. Let b = 6811 - 6802. Calculate w(b).
50
Suppose 47*q - 50*q + 17 = 4*p, 15 = 5*q. Let i(k) = -11*k - 4. Calculate i(p).
-26
Let r be (818/(-22) - 3) + 8/44. Let k be (r/10)/(0 + 1). Let j(w) = w + 1. Calculate j(k).
-3
Let o(s) = -s**3 - 7*s**2 + 12*s + 23. Suppose 3*x - 2*x - 4*x = 4*i + 28, 0 = 4*x. Determine o(i).
-61
Suppose -1146*x - 1294*x - 981 = -2113*x. Let o(m) be the third derivative of -1/12*m**5 + 0 - 1/6*m**4 - 1/120*m**6 + 0*m - m**2 - 1/2*m**3. What is o(x)?
-9
Let p(w) be the third derivative of -5/12*w**4 - 168*w**2 + 0 + 7/3*w**3 - 1/60*w**5 + 0*w. Calculate p(-11).
3
Suppose -3*f = 5*z - 129, 5*f = -0*z - 2*z + 63. Suppose -n + 32 = z. Let s(a) = a - 2*a - 13*a - 7*a**2 + 4 + a**3 + 4*a. What is s(n)?
-12
Let x(m) be the third derivative of 0*m + 1/24*m**4 - 1 + 23*m**2 - 4/3*m**3. What is x(11)?
3
Let n(g) = 8*g**2 + 31*g + 13. Let i(r) = 5*r**2 + 22*r + 9. Let j(k) = 7*i(k) - 5*n(k). What is j(-2)?
-20
Suppose 29 - 26 = -k. Let n = -12 - -13. Let p(x) = -2*x + n - 8 + 4 - 1. Calculate p(k).
2
Let t(n) = -14*n - 103. Let c(y) = 2*y + 16. Let o(x) = 6*c(x) + t(x). Calculate o(-4).
1
Let n(l) = 3*l + 14. Let m be 10235/(-1513) + (-4)/17. What is n(m)?
-7
Let t(x) = x - 9. Let j = 208 - 204. Suppose 6*p - 12 = j*p. Calculate t(p).
-3
Let p be 0/((0 + 1)/(7/14)). Suppose 3*y + o - 18 - 19 = p, -4*y + 56 = -2*o. Let i(f) = 12 - 25 + f + y. What is i(-8)?
-8
Let m(v) = -v**2 + 7*v - 1. Let b = -125 + 131. Suppose 58 - 118 = -b*l. Suppose -3*k + 2 = -l. Determine m(k).
11
Let h(j) = -j**3 + 0*j**2 - 12 + j + 5 - 5*j**2 + 2*j**2 + 0*j**3. Let u be h(-4). Let x(p) = p**3 - 2*p**2 - 16*p - 1. Give x(u).
-6
Suppose 2*y + 4 + 15 = 3*g, -3*y + 14 = 4*g. Let u(f) be the third derivative of 0*f - 188*f**2 + 1/3*f**3 + 0 - 1/8*f**4. Give u(g).
-13
Let d(o) = 6*o + 120. Let y be d(-19). Let u(i) = -5*i**2 - 114*i**3 + 5*i - 105*i**3 - 106*i**3 - 2*i**2 + 326*i**3. Determine u(y).
-6
Let j be 5/20 + 91/4. Let h be 3/8 - (-1065)/40. Let s = h - j. Let x(r) = -r**3 + 4*r**2 + 3*r - 4. Determine x(s).
8
Let z(c) be the third derivative of -c**5/60 + 11*c**4/24 - 5*c**3 - 2147*c**2. Give z(7).
-2
Let l(a) = -a**3 - 7*a**2 + 20*a + 1. Suppose 0 = -746*m + 764*m + 162. Calculate l(m).
-17
Let d(z) = -z**3 - 5*z**2 - 2*z + 6. Suppose -8*n + 12 = -2*n. Suppose 9*k - 5*k - 276 = 0. Suppose -59 = -n*x - k. Give d(x).
16
Let h(t) = t + 6. Let g be h(-7). Let y be (0/g - -3)/(21/21). Let w(j) = -19 + 8*j + j - 6*j**2 - j**y + 43 - 21. What is w(-7)?
-11
Let z = 17 - 15. Let y = 227 - 223. Let q(p) = 18 - 34 + 10*p - p**3 + 13 + y*p**z + 4*p**2. Give q(9).
6
Let f(w) = -4*w + 19*w - 3*w - 10*w - 9. Suppose 5*r - 33 = 4*i, -3*r = 2*r + 2*i - 51. Determine f(r).
9
Let t(x) be the second derivative of x**5/20 + 11*x**4/12 + 5*x**3/3 + 11*x**2/2 + 161*x. Let v = -191 + 181. What is t(v)?
11
Suppose 0 = 4*s - 5*r - 19, -3*s + 5*r + 10 = -3. Let k be (1 - (2 - 2)) + 0 - -2. Let x(t) = 1 - t**2 - 8 + 1 + 8*t - k. Give x(s).
3
Let n(d) be the third derivative of 3*d**6/40 + d**5/30 - d**3/6 + 8*d**2. Suppose 0 = -4*p, 11 = -v + p + 10. What is n(v)?
-8
Let r = 5283 + -5310. Let i(f) = f**3 + 28*f**2 + 26*f - 2. What is i(r)?
25
Let l(j) = 91 - 224 - j + 114 - 2*j + 58. Give l(12).
3
Let g(h) be the third derivative of h**6/40 + h**5/15 - 7*h**4/24 - h**3/2 - 3*h**2 - 598. Give g(-4).
-103
Suppose -8 = 17*h + 145. Suppose 8 = -2*a + 6*a. Let x(m) = -15*m**a + 29*m + 5*m**2 - m**3 - 38*m - 1. Determine x(h).
-1
Let x(r) be the third derivative of r**6/120 + 17*r**5/60 + 19*r**4/24 + 61*r**3/6 - 2*r**2 + 4320. Give x(-16).
13
Suppose -102 = -0*p - 17*p. Let l(o) = -o**3 + 6*o**2 - 10*o - 1. Give l(p).
-61
Let m(b) = -b**3 + 3*b**2 + 5*b + 3. Let f be m(-2). Let u be (-2)/(-6) - f*2/6. Let c(q) = -q**3 - 3*q**2 + 6*q + 6. Calculate c(u).
-2
Let u(y) = -y**2 + 10*y + 11. Let i be 24/(-56) - -3*3/21. Suppose 31 = -2*c + 5*c - 2*v, c + 4*v - 15 = i. Give u(c).
0
Let x(j) be the third derivative of -j**5/60 + j**4/6 + 2*j**3 + 18*j**2. Let v be x(5). Let c(f) = -v*f - 8*f + 12*f - 8. What is c(-7)?
13
Let b(c) be the second derivative of c**5/20 + 5*c**4/12 - c**3/6 - 17*c**2/2 + 243*c + 2. What is b(-4)?
3
Suppose 240 = 47*j - 41*j. Suppose -2*o = -0*o - j. Suppose -2*k + k + 1 = 0, 5*k = -5*l - o. Let a(y) = -y**3 - 4*y**2 + 3*y - 6. Determine a(l).
4
Let f = 5 + -1. Let h(a) = a**3 + a. Let p(m) = 3*m**3 + 6*m**2 + 2*m - 2. Let b(n) = f*h(n) - p(n). Suppose 26*r + 15 = 23*r, 45 = 4*g - 5*r. What is b(g)?
-13
Suppose 5*m - 3*b = -5, -14 = -4*b + 6. Suppose 2*s - n = -8, 0*s + m*n + 12 = -3*s. Let z(v) = v**3 + 7 + 5*v**2 - 2 + 2*v - 7. Calculate z(s).
6
Let a(d) = d - 1. Let w be 80/(-6)*(-69)/92. Suppose w*y = 11*y - 6. Give a(y).
5
Suppose 3*c - 55 = -2*c. Let l(s) = 1289*s - 631*s - 644*s - s**3 + c - 13*s**2. Give l(-14).
11
Let k(r) = -19*r + 245. Let z = -34554 + 34566. Determine k(z).
17
Let k = 3632 - 3609. Let g(l) = -3*l + 71. What is g(k)?
2
Let d(c) = -c**3 + 17*c**2 - 61*c + 466. Let o be d(15). Let r(v) = -52*v + 3. What is r(o)?
-49
Let s = 0 - 1. Let n(y) = 151*y + 11*y**3 - 1 + y**2 - 89*y - 62*y + 4*y**3 - 4*y**3. Calculate n(s).
-11
Let y(q) = 11*q**2 - 211*q + 14. Let n(t) = -5*t**2 + 96*t - 6. Let b(p) = -9*n(p) - 4*y(p). Give b(0).
-2
Let p(n) be the second derivative of 0 - 27*n + 1/6*n**3 + 1/2*n**2. Let d = 1 - 1. Calculate p(d).
1
Suppose -5*g - 424 = -4*i, 0 = -4*i - 2*g - g + 424. Let y(h) = -212*h + 102*h + i*h. What is y(1)?
-4
Let t(v) = 5*v + 6. Let i(y) = 21*y + 28. Let s(u) = i(u) - 4*t(u). Give s(-8).
-4
Let z = -78 + 113. Suppose 4*l + z = -5*f + 11, -4*l - 40 = f. Let j(q) = q**2 + 10*q - 5. What is j(l)?
6
Suppose -8*b + 0*b + 40 = 0. Let d(o) = 66*o + o**3 + 7 - 59*o - b*o**2 - 10 - 2*o**2. Suppose -i = 3*i, -3*v = -2*i - 18. Give d(v).
3
Let b(n) = 18*n**2 - n + 2. Suppose 4 = 2*d + x, -3*d - 12*x + 9*x = -9. What is b(d)?
19
Let j(l) = 2*l**2 + 18*l + 41. Suppose 253*k = 291*k + 228. Calculate j(k).
5
Let b(f) = 167*f**3 - 7*f**2 + 12*f + 3. Let r(u) = -376*u**3 + 14*u**2 - 25*u - 4. Let i(w) = 9*b(w) + 4*r(w). Let j be 62/(-8) + (-2)/8. What is i(j)?
11
Let g(w) = -9*w**2 + 3*w + 2. Let z be 1/2*(-135 + -13). Let a = -76 - z. Give g(a).
-40
Let x(v) be the second derivative of -49*v**5/20 - v**4/6 + 5*v**3/6 - 2*v**2 - 652*v - 2. Determine x(1).
-50
Let x(z) = -z**2 + 12*z + 87. Let q be x(-5). Let d(w) = -16 - w - q*w + 9 + 4 + w**3 - 2*w**3. Calculate d(-2).
11
Let h be ((-24)/(-96))/(1/(-20)). Let b(m) = 2*m**2 + 7*m - 7. Give b(h).
8
Let h(n) = n. Let m be (9/12)/(1/(-4)). Let r(b) = 124*b**3 + 5 + 8*b - 244*b**3 + 6*b**2 + 119*b**3 - 2*b**2. Let l(u) = m*h(u) + r(u). Calculate l(5).
5
Let i(x) = -x - 5. Let g be i(-7). Let q(j) = 5*j**2 + 20*j - 9. Let a(m) = 2*m**2 + 9*m - 4. Let c(b) = 9*a(b) - 4*q(b). What is c(g)?
-6
Let b be 3 + 51/(-15) - 6*(-18)/20. Let q(t) be the first derivative of 1/2*t**2 - 3 - 3*t. Determine q(b).
2
Suppose t - 3*u = u + 22, 3*t + 2*u = -4. Suppose 5*h = -5*q + 65, 2 - 10 = -t*h. Let b(a) = -a**2 + 10*a - 9. What is b(q)?
0
Let r be -6*(16/(-6))/(-8). Let m(j) = -8*j - 3. Let d(u) = -1. Let z be (0 + -2 - (7 + -10))*1. Let p(q) = r*d(q) + z*m(q). Determine p(1).
-9
Let p(b) = -6*b**3 + 68*b**2 - 19*b - 30. Let q(m) = 32*m**3 - 342*m**2 + 105*m + 152. Let c(g) = 11*p(g) + 2*q(g). What is c(32)?
6
Let g(m) = m**3 + m**2 - m + 1. Let a(i) = -3*i**3 + 2*i - 2. Let q(f) = a(f) + 2*g(f). Let y = 10237 - 10235. What is q(y)?
0
Let c(r) = -3*r + 41. Let y = 7724 - 7713. Give c(y).
8
Let u(v) = 4 + 2*v - 3 + v. Suppose -3*n + 2*d + 330 = -11, 4*n = -4*d + 